 is divided by 118747.
27
Calculate the remainder when 601546 is divided by 1334.
1246
What is the remainder when 11782840 is divided by 1800?
40
What is the remainder when 522064 is divided by 3837?
232
What is the remainder when 1138873 is divided by 23724?
121
What is the remainder when 10045336 is divided by 66525?
61
What is the remainder when 72930 is divided by 63613?
9317
What is the remainder when 7001932 is divided by 75?
7
Calculate the remainder when 14061895 is divided by 7030914.
67
What is the remainder when 1389956 is divided by 31?
9
What is the remainder when 17381 is divided by 16976?
405
Calculate the remainder when 7847498 is divided by 25.
23
Calculate the remainder when 41673 is divided by 136.
57
Calculate the remainder when 60327 is divided by 2760.
2367
What is the remainder when 29431 is divided by 2974?
2665
Calculate the remainder when 102551640 is divided by 17091939.
6
What is the remainder when 2637016 is divided by 1452?
184
What is the remainder when 1303560 is divided by 1225?
160
What is the remainder when 4050166 is divided by 302?
44
Calculate the remainder when 1480622 is divided by 2584.
2574
What is the remainder when 306230 is divided by 102043?
101
Calculate the remainder when 1888346 is divided by 21.
5
What is the remainder when 123732380 is divided by 63?
2
What is the remainder when 3553320 is divided by 177666?
0
Calculate the remainder when 492418 is divided by 246207.
4
What is the remainder when 9329561 is divided by 5950?
5911
Calculate the remainder when 9391151 is divided by 748.
11
Calculate the remainder when 9304326 is divided by 427.
423
Calculate the remainder when 111285 is divided by 757.
6
Calculate the remainder when 91905 is divided by 91145.
760
Calculate the remainder when 1828747 is divided by 1828706.
41
What is the remainder when 8557055 is divided by 4230?
3995
What is the remainder when 578892 is divided by 700?
692
Calculate the remainder when 11659 is divided by 271.
6
What is the remainder when 1882708 is divided by 470654?
92
What is the remainder when 12164698 is divided by 575?
573
Calculate the remainder when 5445369 is divided by 317.
260
Calculate the remainder when 3732868 is divided by 44.
40
Calculate the remainder when 674992 is divided by 1236.
136
What is the remainder when 43631211 is divided by 1546?
1545
What is the remainder when 127597 is divided by 62608?
2381
What is the remainder when 2409024 is divided by 2409000?
24
Calculate the remainder when 15921304 is divided by 7337.
14
What is the remainder when 756894 is divided by 44517?
105
Calculate the remainder when 2066236 is divided by 6687.
6640
What is the remainder when 113904 is divided by 5004?
3816
Calculate the remainder when 3660800 is divided by 305065.
20
What is the remainder when 67256256 is divided by 1702?
24
What is the remainder when 3773642 is divided by 96?
74
Calculate the remainder when 1394929 is divided by 2518.
2475
Calculate the remainder when 4591073 is divided by 887.
848
What is the remainder when 3768 is divided by 2879?
889
What is the remainder when 3737006 is divided by 155708?
14
Calculate the remainder when 2718398 is divided by 679513.
346
What is the remainder when 9221896 is divided by 465?
16
What is the remainder when 27815 is divided by 1481?
1157
Calculate the remainder when 385353 is divided by 35031.
12
Calculate the remainder when 1839556 is divided by 289.
71
Calculate the remainder when 71077967 is divided by 1548.
1547
Calculate the remainder when 725572 is divided by 998.
26
Calculate the remainder when 167579339 is divided by 103.
90
What is the remainder when 4587600 is divided by 600?
0
What is the remainder when 1853502 is divided by 553?
399
Calculate the remainder when 6998881 is divided by 3580.
3561
What is the remainder when 488434 is divided by 1272?
1258
What is the remainder when 404343 is divided by 134761?
60
Calculate the remainder when 1119349 is divided by 1119245.
104
What is the remainder when 910459 is divided by 465?
454
Calculate the remainder when 20534171 is divided by 75.
71
What is the remainder when 35520411 is divided by 4440049?
19
What is the remainder when 1433150 is divided by 11747?
16
What is the remainder when 25687350 is divided by 6421815?
90
What is the remainder when 72433 is divided by 1772?
1553
What is the remainder when 15438786 is divided by 3087751?
31
Calculate the remainder when 86793 is divided by 28510.
1263
Calculate the remainder when 6967672 is divided by 90489.
19
Calculate the remainder when 7309519 is divided by 383.
347
What is the remainder when 151425 is divided by 148577?
2848
What is the remainder when 106825 is divided by 26352?
1417
What is the remainder when 39195 is divided by 9503?
1183
Calculate the remainder when 18691 is divided by 1845.
241
What is the remainder when 8686145 is divided by 289538?
5
What is the remainder when 5469760 is divided by 1367436?
16
What is the remainder when 2344332 is divided by 5439?
123
What is the remainder when 121869 is divided by 3233?
2248
What is the remainder when 6848361 is divided by 413?
408
Calculate the remainder when 2220379 is divided by 973.
966
What is the remainder when 272467 is divided by 81?
64
Calculate the remainder when 1132225 is divided by 1983.
1915
Calculate the remainder when 5289398 is divided by 293828.
494
Calculate the remainder when 1014217 is divided by 98.
15
Calculate the remainder when 5723332 is divided by 3753.
7
Calculate the remainder when 90625946 is divided by 4337.
4331
What is the remainder when 32973 is divided by 1659?
1452
What is the remainder when 144826 is divided by 12?
10
What is the remainder when 120499209 is divided by 3642?
3639
What is the remainder when 27988462 is divided by 153?
19
Calculate the remainder when 5565633 is divided by 1781.
8
What is the remainder when 24424418 is divided by 459?
110
What is the remainder when 776914 is divided by 463?
0
Calculate the remainder when 9944083 is divided by 132.
127
Calculate the remainder when 33335246 is divided by 38.
12
Calculate the remainder when 8702 is divided by 5406.
3296
What is the remainder when 3868670 is divided by 524?
502
Calculate the remainder when 407444 is divided by 101751.
440
What is the remainder when 224662 is divided by 308?
130
What is the remainder when 26633 is divided by 2471?
1923
Calculate the remainder when 242499 is divided by 516.
495
Calculate the remainder when 70589 is divided by 35288.
13
What is the remainder when 674866 is divided by 848?
706
Calculate the remainder when 728488 is divided by 1907.
14
What is the remainder when 115209 is divided by 3286?
199
Calculate the remainder when 39126 is divided by 799.
774
What is the remainder when 8195 is divided by 3081?
2033
What is the remainder when 240847153 is divided by 816431?
8
What is the remainder when 3908324 is divided by 446?
26
What is the remainder when 1645521 is divided by 18?
15
Calculate the remainder when 15805132 is divided by 33.
13
Calculate the remainder when 106795 is divided by 7613.
213
What is the remainder when 22990014 is divided by 3581?
3575
What is the remainder when 14162996 is divided by 2804?
2796
What is the remainder when 6320262 is divided by 10?
2
What is the remainder when 265609 is divided by 440?
289
Calculate the remainder when 1169710 is divided by 176.
14
What is the remainder when 10620358 is divided by 10620250?
108
Calculate the remainder when 25569843 is divided by 12784911.
21
What is the remainder when 715433 is divided by 236523?
5864
Calculate the remainder when 2827156 is divided by 891.
13
What is the remainder when 642008 is divided by 58339?
279
What is the remainder when 27264 is divided by 179?
56
What is the remainder when 2554861 is divided by 2910?
2791
Calculate the remainder when 11610250 is divided by 4691.
25
Calculate the remainder when 27555 is divided by 1974.
1893
What is the remainder when 2139520 is divided by 931?
82
What is the remainder when 72599801 is divided by 36299897?
7
Calculate the remainder when 8883898 is divided by 216680.
18
What is the remainder when 490650 is divided by 15317?
506
What is the remainder when 102852077 is divided by 3736?
3733
What is the remainder when 109425 